when h is divided by c.
16
What is the remainder when (-3706)/4*(-1)/(20/40) is divided by 125?
103
Suppose -19658 = -26*q - 19320. What is the remainder when ((-21)/2)/(5/(-10)) is divided by q?
8
Calculate the remainder when 3 - (5*-30 + (0 - 4) + 6) is divided by 19.
18
What is the remainder when 1358 is divided by (411/(-12))/((-23)/92)?
125
Let n(p) = 96*p**2 + p + 2011. Calculate the remainder when n(0) is divided by 84.
79
What is the remainder when (-8 + 0 + (-250)/(-35))*-1*595 is divided by 86?
80
Let q(d) = 5*d + 6. Let h be q(0). Suppose 16 = n - 3*w, -h*w = -2*w. Calculate the remainder when 79 is divided by n.
15
Let g(x) = 21 + 18 + 22 - 2*x. Let h be -4 + 0/4 + 31. What is the remainder when g(h) is divided by 1?
0
Suppose -18*m - 4 = -22*m. Calculate the remainder when (-24)/(-4) + (21 - -27) is divided by m.
0
Let y = 229 + -181. Let g(z) = 4*z**2 - 4*z + 6. Let p be g(2). Suppose 2 = j - p. Calculate the remainder when y is divided by j.
0
Suppose 0 = -19*b + 2889 + 4160. Calculate the remainder when b is divided by 115.
26
Let h(l) = 322*l**2 + 3*l - 4. Let p be h(1). Suppose -4*r - p = -5*a, r = -3*a + 170 + 9. What is the remainder when a is divided by 23?
15
Suppose -4*h - 13 = -5. Let b = 3 + h. Let l(d) = 10*d**2 - d + 2. What is the remainder when 97 is divided by l(b)?
9
Suppose -29 = -j - 3. Let v be 5*-1*18/(-10). Let g = j + v. Calculate the remainder when g is divided by 12.
11
What is the remainder when 1289 is divided by (-5*6/(-15))/(208/312)?
2
What is the remainder when 2762 is divided by 75 + ((-8)/6)/(34/(-102))?
76
Suppose 2*m + 6 = -v, 5*v + 12*m - 22 = 15*m. Let w = 13 - 8. Calculate the remainder when 1 + v + 24/((-4)/(-1)) is divided by w.
4
Let h(k) be the third derivative of k**6/120 - k**5/10 - 17*k**4/24 + 13*k**3/3 + 2*k**2 + 3. What is the remainder when 48 is divided by h(8)?
12
Let j be -68*1/(-4)*7. Let l = j - 85. Let s = -16 + l. Calculate the remainder when 66 is divided by s.
12
Suppose 2*p = -3*j - 0*p + 193, 5*j - 325 = -5*p. Let a = 1195 + -947. Calculate the remainder when a is divided by j.
59
Let k be -1*(-8869)/77 - (-4)/(-22). Let w = k - 213. Let u = -59 - w. Calculate the remainder when u is divided by 4.
3
Suppose -5*w - 3*c = 47, 2*w + 22 = -10*c + 8*c. Let m(t) = 6 + 6 + t + 1. What is the remainder when 18 is divided by m(w)?
0
Suppose -5*x + 56 - 1 = 0. Suppose -7*j + 1134 = x*j. Calculate the remainder when 247 is divided by j.
58
Let r(s) = -117*s - 801. Calculate the remainder when 269 is divided by r(-8).
134
Suppose 3*n + s = 84, 31*n - 28*n - 5*s = 48. Calculate the remainder when 574 is divided by n.
2
Let y = 1913 - 1855. What is the remainder when y is divided by 15?
13
Let f(m) = 16*m - 1. Let z be ((-49)/21)/(1/3). Let l(j) = -14*j + 2. Let o(r) = z*l(r) - 6*f(r). What is the remainder when 47 is divided by o(7)?
5
Suppose 0 = -5*f - 2*l + 1317, -915*f - 303 = -916*f + 4*l. Suppose 62 - 8 = 2*t. What is the remainder when f is divided by t?
24
Let v(f) = 142*f**3 + f - 1. Let x(y) = -5*y**2 - 480*y + 1016. What is the remainder when v(1) is divided by x(-98)?
34
Suppose h = 5*u - 311, -8*h = -7*h + 6. What is the remainder when 2193 is divided by u?
58
Suppose 2*c = -5*u + 200 + 20, 0 = 4*c - 3*u - 492. What is the remainder when c is divided by (-695)/(-17) + (624/(-442))/(-12)?
38
Suppose 108 - 18 = 5*t. Suppose 67124 + 18355 = 154*p + 19721. Calculate the remainder when p is divided by t.
13
Let w(l) = -12*l**3 + 5*l**2 + l - 15. Let a be w(-4). Suppose 5*o - a = -3*i, 0 = -3*i + 9. Calculate the remainder when o is divided by 16.
4
Let l(z) = -130*z - 7596. Calculate the remainder when l(-64) is divided by 306.
112
Let j = -2198 + 2279. What is the remainder when 636 is divided by j?
69
Let n be 13/((-234)/12) + 707/3. Suppose o + 2*r = 125, o + o - r - n = 0. What is the remainder when o is divided by 40?
39
Let m(i) be the first derivative of 13*i**3/3 + 5*i**2/2 + 16*i + 32. Calculate the remainder when m(-2) is divided by 15.
13
Let q(o) = o**3 - 16*o**2 + 3*o + 31. What is the remainder when 709 is divided by q(16)?
77
Let l(b) = -b**2 - 10*b + 67. Let k = -18 - -4. Calculate the remainder when 16 is divided by l(k).
5
Let n = 88 + -13. Let o = -73 + n. Suppose -o*l - 2 + 19 = -i, 2*i - 21 = -l. Calculate the remainder when 38 is divided by l.
5
Let h(w) = -w**3 + 15*w**2 + 33*w + 27. Let p be h(17). Let d(o) = 10*o - 54. Let v be d(p). Let t = 67 + v. Calculate the remainder when t is divided by 29.
26
Let n = 55 - -165. What is the remainder when n is divided by (-12)/(-10)*35680/2676?
12
Let y = -24 + 30. Suppose y - 2 = 2*r. Suppose 44 = r*w + 6. Calculate the remainder when 130 is divided by w.
16
Let y(s) = -4*s + 39. Let w be y(21). Let l = 157 + w. What is the remainder when l is divided by 42?
28
Let n(x) = x + 9. Let m be n(-5). Suppose -u = 2*b - m*u - 99, 2*b = 2*u + 96. Suppose -160 = -171*d + 161*d. Calculate the remainder when b is divided by d.
13
Suppose 2*m - 163 = 121. Suppose -v + 233 = 3*x - 6*v, v = 3*x - 229. Suppose -x*y + 80*y - 192 = 0. Calculate the remainder when m is divided by y.
46
Suppose s + 4*c = -c - 7, 3*s + 4*c = 34. Suppose -10*p = -s*p + 88. Calculate the remainder when 38 is divided by p.
5
Suppose r + g - 5 = 0, -11*g + 16*g - 15 = 5*r. What is the remainder when 84 is divided by ((r*-174)/(-3))/2?
26
Suppose 6*l - 54 = -24. Calculate the remainder when 39 is divided by -1*l - (2 + -6)*8.
12
Suppose 4*z + 2*s - 9976 = -1150, 3*z - 6616 = 2*s. What is the remainder when z is divided by 24?
22
Calculate the remainder when 2 + 594/(3 + -2) is divided by ((-1330)/(-26) + -1 - (-13 - 15561/(-1183)))*2.
96
Let g(z) = 251*z + 1179. What is the remainder when g(18) is divided by 41?
39
Let a(q) = q + 55. What is the remainder when a(-12) is divided by 2?
1
Let f be (32 - 96)*15/(-4). Calculate the remainder when f/(-9)*((-30)/4)/5 is divided by 17.
6
Let s be (25/(-10))/(-2 + (-21)/(-14)). Suppose -s*w = 24*w - 2088. What is the remainder when 355 is divided by w?
67
Let i(h) = -3*h + 15. Let m be i(-8). Let s = m + -36. Let c(f) = -f**3 + 6*f**2 - 5*f + 5. Calculate the remainder when 49 is divided by c(s).
15
Suppose -267 = -3*g + 114. Let x = -81 + g. Calculate the remainder when x is divided by 14.
4
Let h(i) = -i**2 + 8*i + 200. Calculate the remainder when 358 is divided by h(15).
73
Suppose -9*g + 12*g = 9. Suppose -g*t - 410 + 2633 = 0. What is the remainder when t is divided by 12?
9
Suppose -k + 5*t = -0*t - 163, -4*t = -3*k + 445. Suppose 0 = 4*m + 138 - 286. Calculate the remainder when k is divided by m.
32
Let p(q) = -2*q**2 + 8*q - 1. Let v be p(3). Suppose -1425 = -v*z - 14*z. What is the remainder when 216 is divided by z?
66
Let f(s) = -10*s - 22. Let a = -111 - -105. Let x be f(a). Suppose -x = -v + 3*h + 22, 0 = -4*v + h + 185. What is the remainder when v is divided by 16?
13
Let z(l) = 2*l**3 - 10*l**2 - 18*l + 102. Calculate the remainder when z(8) is divided by 62.
32
Let d be 2463/(-6)*(-2 + 0 - 0). Let z = d - 1353. What is the remainder when 96 is divided by (-3)/12 + z/(-16)?
30
Suppose -8*q = 19 + 21. Let z(t) = t**3 + 4*t**2 - 4*t. Let y be z(q). Let c(x) = -x**2 - 5*x + 4. Calculate the remainder when 13 is divided by c(y).
1
Let i be 4/14 + 1716/21. Suppose 85*v + 7 = 87*v - t, -4*t = -12. Suppose 0*x - 3*m + i = x, 0 = -v*x - m + 396. What is the remainder when x is divided by 20?
19
Suppose t + 5*l = 23, -4*t + 7*t = l + 5. Suppose 60*v = 29*v + 341. Calculate the remainder when v is divided by t.
2
Let f(n) = -n**2 - 17*n - 26. What is the remainder when 16/40 - (-2454)/15 is divided by f(-5)?
28
Suppose 4*q + 3*s - 6*s - 704 = 0, 5*s = -5*q + 915. Suppose -930 = -10*b - 5*b. What is the remainder when q is divided by b?
55
Suppose 30*x + 6 = 31*x. What is the remainder when 47 is divided by x?
5
Let o be ((-11)/(165/(-50)))/((-3)/18). Calculate the remainder when 22 is divided by (o/4)/(-5) + 16.
5
Let o(m) = m. Let i(a) be the first derivative of -47*a**2/2 - a + 19. Let d(b) = -2*i(b) - 4*o(b). Calculate the remainder when d(1) is divided by 19.
16
Let m(t) = 3*t**3 + 10*t**2 - 4*t + 11. Let q be m(-6). Let l = q - -298. Calculate the remainder when 176 is divided by l.
41
Suppos